ide 1515058?
True
Is 75063 a multiple of 131?
True
Is 1017222 a multiple of 45?
False
Is 185 a factor of 4929695?
True
Does 54 divide 20298330?
True
Does 12 divide 136704?
True
Does 3 divide 3885?
True
Does 7 divide 316078?
True
Is 10279 a multiple of 15?
False
Is 61 a factor of 745352?
False
Is 3776304 a multiple of 15?
False
Does 97 divide 163736?
True
Is 13744 a multiple of 12?
False
Does 150 divide 7456?
False
Does 11 divide 2041873?
False
Does 175 divide 655900?
True
Is 146971 a multiple of 341?
True
Does 43 divide 19435220?
False
Is 10352898 a multiple of 18?
True
Is 461024 a multiple of 180?
False
Is 2487430 a multiple of 11?
True
Is 1113103 a multiple of 795?
False
Is 14 a factor of 7500?
False
Is 143279 a multiple of 39?
False
Is 74254 a multiple of 193?
False
Is 846 a factor of 2344438?
False
Is 104 a factor of 6679920?
True
Does 61 divide 5765476?
True
Is 3 a factor of 27519?
True
Is 6 a factor of 97531?
False
Is 11 a factor of 733980?
False
Does 91 divide 13791529?
False
Is 1407561 a multiple of 624?
False
Does 21 divide 1772184?
False
Is 991 a factor of 209101?
True
Is 221 a factor of 115141?
True
Does 7 divide 632744?
True
Does 459 divide 480573?
True
Is 4262 even?
True
Does 253 divide 1547381?
False
Is 119546 a multiple of 181?
False
Does 41 divide 105780?
True
Is 187 a factor of 1477277?
False
Is 80834 a multiple of 26?
True
Does 464 divide 1840224?
True
Is 4 a factor of 10607?
False
Does 31 divide 4749665?
True
Is 1734185 a multiple of 10?
False
Does 181 divide 106519?
False
Is 3280844 a multiple of 98?
True
Is 656718 a multiple of 9?
False
Is 9 a factor of 1550960?
False
Is 11726903 a multiple of 812?
False
Is 40493106 a multiple of 87?
True
Is 762954 a multiple of 606?
True
Is 518284 a multiple of 13?
True
Is 35350 a multiple of 7?
True
Does 167 divide 2328091?
False
Is 630 a factor of 545110?
False
Does 8 divide 878733?
False
Does 23 divide 27255?
True
Is 396 a factor of 3412332?
True
Does 253 divide 248699?
True
Is 273092 a multiple of 214?
False
Is 852335 a multiple of 373?
False
Is 1057170 a multiple of 262?
True
Is 2 a factor of 146641?
False
Is 1840348 a multiple of 384?
False
Is 131536 a multiple of 8?
True
Is 159 a factor of 1672839?
True
Is 97 a factor of 6729375?
True
Does 41 divide 2040409?
False
Does 486 divide 3587166?
True
Does 75 divide 1874100?
True
Does 123 divide 534880?
False
Is 1236730 a multiple of 22?
True
Is 23 a factor of 313444?
True
Is 96222 a multiple of 58?
True
Does 120 divide 687600?
True
Is 28380 a multiple of 52?
False
Does 346 divide 10074136?
True
Does 618 divide 87022?
False
Does 156 divide 88452?
True
Does 1030 divide 17964969?
False
Does 51 divide 328032?
True
Is 64 a factor of 2625958?
False
Does 26 divide 68692?
True
Does 10 divide 131510?
True
Is 14 a factor of 429982?
True
Does 93 divide 78911?
False
Is 328512 a multiple of 174?
True
Does 16 divide 64128?
True
Does 80 divide 92007?
False
Is 35 a factor of 109270?
True
Does 9 divide 125667?
True
Does 13 divide 104466?
False
Is 35112893 a multiple of 1829?
False
Is 99 a factor of 5383445?
False
Is 116 a factor of 68108?
False
Is 32 a factor of 6371904?
True
Is 906030 a multiple of 30?
True
Is 772081 a multiple of 22?
False
Does 95 divide 67955?
False
Is 104142 a multiple of 18?
False
Is 235 a factor of 12826065?
True
Is 264 a factor of 1287528?
True
Is 11143189 a multiple of 764?
False
Does 189 divide 735777?
True
Does 37 divide 230229?
False
Is 42102 a multiple of 6?
True
Is 17428674 a multiple of 594?
False
Is 300057 a multiple of 370?
False
Is 440290 a multiple of 16?
False
Is 167 a factor of 37543?
False
Does 14 divide 60998?
True
Does 14 divide 983178?
True
Is 80984 a multiple of 6?
False
Is 2501703 a multiple of 17?
True
Is 2142980 a multiple of 70?
True
Is 192685 a multiple of 35?
False
Is 1191747 a multiple of 123?
True
Is 191272 a multiple of 37?
False
Is 63 a factor of 371208?
False
Does 54 divide 246402?
True
Is 58765 a multiple of 87?
False
Does 75 divide 144525?
True
Does 16 divide 379600?
True
Does 253 divide 710237?
False
Is 10 a factor of 162020?
True
Does 26 divide 62114?
True
Is 19 a factor of 1322625?
False
Is 4437171 a multiple of 144?
False
Is 133 a factor of 2694846?
True
Is 14 a factor of 1115618?
True
Is 160195 a multiple of 161?
True
Is 383053 a multiple of 258?
False
Is 92 a factor of 3485969?
False
Is 1376125 a multiple of 101?
True
Does 95 divide 588249?
False
Is 5826243 a multiple of 17?
False
Is 35 a factor of 15785?
True
Is 5 a factor of 2402877?
False
Is 142 a factor of 15904?
True
Is 8 a factor of 6876078?
False
Does 14 divide 651173?
False
Is 203814 a multiple of 338?
True
Is 14 a factor of 288755?
False
Is 95534 a multiple of 65?
False
Is 2122050 a multiple of 112?
False
Does 9 divide 1394883?
True
Is 187369 a multiple of 19?
False
Does 348 divide 1859712?
True
Is 167 a factor of 7892420?
True
Does 175 divide 307539?
False
Does 56 divide 288848?
True
Is 887 a factor of 2541255?
True
Does 5 divide 593937?
False
Does 60 divide 2422825?
False
Is 2424864 a multiple of 871?
True
Is 2 a factor of 67791?
False
Is 6 a factor of 24817?
False
Does 5 divide 62445?
True
Does 1177 divide 5101290?
False
Does 89 divide 60292?
False
Does 3 divide 547?
False
Is 11497509 a multiple of 72?
False
Is 3959554 a multiple of 13?
False
Is 2055348 a multiple of 36?
True
Does 599 divide 25877586?
False
Is 6 a factor of 2366040?
True
Is 131 a factor of 154357?
False
Is 16 a factor of 890207?
False
Is 6 a factor of 568236?
True
Is 1065 a factor of 4007273?
False
Does 32 divide 997408?
True
Is 1320991 a multiple of 162?
False
Is 97266 a multiple of 128?
False
Is 51 a factor of 439926?
True
Is 45231 a multiple of 363?
False
Does 41 divide 1957348?
False
Does 7 divide 491736?
True
Does 4 divide 45648?
True
Is 13 a factor of 13071?
False
Is 104917 a multiple of 371?
False
Is 44616 a multiple of 169?
True
Is 218699 a multiple of 11?
False
Does 352 divide 1720576?
True
Is 22 a factor of 40004?
False
Is 118 a factor of 1350769?
False
Is 991 a factor of 3482374?
True
Is 1704186 a multiple of 11?
True
Is 2493694 a multiple of 14?
True
Is 418368 a multiple of 24?
True
Is 13 a factor of 677515?
False
Does 46 divide 60214?
True
Is 296235 a multiple of 29?
True
Does 9 divide 3735749?
False
Is 49 a factor of 923307?
True
Is 624386 a multiple of 14?
True
Is 124 a factor of 94364?
True
Is 99876 a multiple of 21?
True
Does 2 divide 91071?
False
Is 24199 a multiple of 177?
False
Is 61806 a multiple of 3?
True
Is 4 a factor of 21424?
True
Is 171 a factor of 187929?
True
Does 10 divide 1769060?
True
Is 5982540 a multiple of 7?
False
Is 81 a factor of 89415?
False
Is 267441 a multiple of 239?
True
Does 109 divide 21691?
True
Does 120 divide 229859?
False
Does 40 divide 27706720?
True
Does 21 divide 890820?
True
Is 7851461 a multiple of 565?
False
Is 76835 a multiple of 106?
False
Is 8657766 a multiple of 18?
True
Does 84 divide 1994916?
True
Is 915 a factor of 2332186?
False
Is 7771261 a multiple of 637?
False
Is 16 a factor of 73952?
True
Does 84 divide 1842804?
False
Is 13 a factor of 219479?
True
Does 424 divide 8735160?
False
Is 3021997 a multiple of 11?
True
Is 363 a factor of 1372564?
False
Does 13 divide 128311?
False
Does 16 divide 679133?
False
Is 150 a factor of 84300?
True
Is 53 a factor of 41234?
True
Is 4149158 a multiple of 812?
False
Does 33 divide 502194?
True
Does 122 divide 791292?
True
Is 273 a factor of 15028691?
False
Is 2907720 a multiple of 369?
True
Does 59 divide 3397338?
True
Is 9366496 a multiple of 17?
False
Is 25822769 a multiple of 26?
False
Does 20 divide 5756879?
False
Is 3 a factor of 69370?
False
Does 11 divide 850234?
True
Is 1560262 a multiple of 7?
False
Is 104 a factor of 99008?
True
Is 370785 a multiple of 95?
True
Is 32 a factor of 30901?
False
Does 41 divide 248309?
False
Is 2764387 a multiple of 17?
True
Does 19 divide 728082?
False
Is 35 a factor of 18670557?
False
Is 6 a factor of 8570250?
True
Is 75 a factor of 14543523?
False
Is 8 a factor of 640659?
False
Is 1121221 a multiple of 38?
False
Is 2300 a multiple of 50?
True
Is 125532 a multiple of 66?
True
Does 17 divide 207905?
False
Is 88776 a multiple of 162?
True
Is 5 a factor of 51839?
False
Does 174 divide 721926?
True
Does 5 divide 4071555?
True
D